 factor of 26 and v?
13
Let j(g) = -g - 4. Let y be j(-11). Let n be 537/y - 4/(-14). Suppose 35*z - 79*z + 308 = 0. Calculate the greatest common factor of n and z.
7
Suppose -40 = -8*c - 8. Let m be (-3)/(-12) - (-1)/c*1299. Calculate the greatest common divisor of m and 13.
13
Suppose 144 = 33*n - 31*n. Suppose -6*r + n = 3*t - 9*r, -5*t + 80 = 3*r. Calculate the greatest common divisor of 760 and t.
19
Let j be (-174)/(-8) - 2/(-8). Let d = 145 + -113. Let u = d - j. Calculate the highest common divisor of u and 80.
10
Suppose 7961 + 13441 = 12*o + 546. What is the highest common divisor of o and 1264?
158
Suppose -71406 = 7*i - 31*i - 9006. Calculate the highest common divisor of i and 8.
8
Suppose -132*o = -130*o - 16. Let j(g) = 5*g**2 + 5*g + 3. Let v be j(o). Calculate the greatest common factor of 33 and v.
33
Let r = -15 + 33. Let o(a) = 22*a - 16. Let m be o(1). What is the greatest common divisor of m and r?
6
Let x = 28 - -297. Suppose -4*a - 4*b + 332 = 0, 9 = 4*a + 2*b - x. Calculate the highest common factor of 140 and a.
28
Let u be (75516 - (4 + 4))*10/20. Calculate the greatest common divisor of 86 and u.
86
Let s be 485/(-15) + (-1)/(-3). Let o be (-18*10/80)/(6/s). Calculate the greatest common divisor of 18 and o.
6
Suppose 0 = 4*n - 2*n - 10. Suppose -3*i + 24 = n*s, -4*i + 12 = i - s. Let p = 2873 - 2846. Calculate the highest common divisor of p and i.
3
Let n(t) = -25*t + 34. Let k be n(4). Let x be (-10)/(-4)*k/(-15). Calculate the highest common factor of 121 and x.
11
Suppose -126*m - 195 + 493 + 836 = 0. What is the greatest common factor of 630 and m?
9
Suppose -5*f - 61 = 4*y - 160, 3*y = 5*f + 83. Suppose 5*n = -4*n - 2052. Let o = n + 254. Calculate the highest common factor of o and y.
26
Let l(t) = -321*t**3 - 4*t**2 + 25*t + 28. Let u be l(-1). What is the highest common divisor of 560 and u?
80
Suppose -4*q + 3853 = -a, -8*a = 26*q - 21*q - 4770. What is the greatest common factor of 52 and q?
26
Let u be ((-9867)/(-46))/(27/126). Calculate the greatest common factor of 847 and u.
77
Let t = 42 + -37. Suppose -124 - 371 = -t*m. Let s(d) = -d**2 - 9*d + 11. Let f be s(-9). What is the greatest common factor of f and m?
11
Let n(a) = 13*a - 54. Suppose -10*c = i - 15*c - 31, -4*c - 50 = -5*i. Let p be n(i). Calculate the greatest common factor of 120 and p.
24
Let v(r) = -r**3 + 36*r**2 + 301*r + 590. Let j be v(43). What is the highest common factor of j and 20?
10
Suppose -4*m + 1360 = 4*l, -13*l + 12*l + 4*m = -330. What is the greatest common divisor of l and 143?
13
Let m = 13315 - 13255. What is the greatest common factor of m and 905?
5
Let z = -129 - -143. Let q be (-580)/(-8) - z/28. What is the highest common factor of q and 108?
36
Let x = -18324 + 27094. Calculate the highest common divisor of 10 and x.
10
Suppose -4*s - 92 = -8*s. Suppose 28*d - s*d = 20. Suppose -9 = -r - 2*a, 3*r + 4*a - 21 = d. Calculate the greatest common factor of r and 28.
7
Suppose 4*o = -4*c + 2680, -3338 = -14*o + 9*o - 3*c. Calculate the highest common divisor of o and 1743.
83
Let h(c) = 4*c + 78. Let p be h(-19). Let s be 70/p - (-55)/(-11). Suppose -97 - 233 = -d. What is the greatest common divisor of d and s?
30
Let p = 1414 - 122. What is the greatest common divisor of p and 272?
68
Let h(t) = 28*t + 604. Let m be h(-20). Calculate the greatest common divisor of m and 231.
11
Let w be (-187)/(-5) + (-2 - (-8)/5). Suppose -w*j = -38*j + 99. Let y = 101 - j. Calculate the greatest common factor of y and 32.
2
Let j be (12/24)/(6/439380). Calculate the greatest common factor of 15 and j.
15
Let n be (-2106)/(-15 + 6) + 10/5. What is the greatest common divisor of 1534 and n?
118
Suppose 0*r = -r - 3*g + 1, -5*r + 31 = 2*g. What is the highest common divisor of r and 49?
7
Suppose 0 = -8*s + 33 + 15. Calculate the highest common factor of s and 123.
3
Suppose -2*z - b = 979, -7 = b - 8. Let h = -488 - z. What is the greatest common divisor of h and 98?
2
Let s(w) = -37*w**3 - 2*w**2 - 8*w - 3. Let i be s(-2). Calculate the greatest common factor of i and 688.
43
Let u = 609 - 387. Suppose 9*o - 3326 + 662 = 0. What is the greatest common factor of o and u?
74
Let o(q) = -q**2 - 4*q + 3. Let a be o(-4). Let l be (11 + -24)*1 - -109. Calculate the greatest common divisor of l and a.
3
Suppose 10382 + 10641 = 89*g - 21964. Calculate the highest common factor of 4209 and g.
69
Suppose 18*y = -z + 17*y + 6, -3*y = -5*z + 6. Suppose z*w + 11*a - 298 = 9*a, 5*a - 402 = -4*w. What is the greatest common factor of 35 and w?
7
Suppose -7*c + 3*c = -3*l + 100, -4*c = -5*l + 180. Let b be 12*(-12)/480 - (-249)/30. Calculate the greatest common divisor of l and b.
8
Let q = 11103 + -945. What is the highest common divisor of q and 6?
6
Let d be (5/(-10))/(1/(-28)). Suppose -11*q - 70 = -532. What is the highest common factor of q and d?
14
Let h(q) = -q**3 + 5*q**2 + 7*q - 11. Suppose -2*x + 15 = 5. Let u be h(x). What is the highest common divisor of u and 16?
8
Suppose -2*o + 4*c + 98 = 0, 163*o - 95 = 161*o + c. Calculate the greatest common factor of o and 3055.
47
Let f(k) be the third derivative of 17*k**6/40 + k**5/30 + k**4/24 - k**3/3 + 5*k**2 - k. Let r be f(2). Calculate the highest common divisor of 13 and r.
13
Suppose -3*h + q = -152, 0 = -48*q + 44*q + 16. Let o be (36 - 20)*14/8. What is the greatest common divisor of h and o?
4
Suppose 2*n + n - 12 = 0. Suppose -d - 15 = -n*d. Let v = 22491 - 22486. What is the greatest common divisor of d and v?
5
Suppose 5*r + 15 = 5*k, -2*r = -3*k - 2 + 15. Suppose 2*h - 28 = 8*w - k*w, 0 = -5*h + w + 70. What is the highest common divisor of 35 and h?
7
Suppose 8*t + 5*r + 207 = 7*t, 3*r - 567 = 3*t. Let v be (t/(-20))/(-4 + (-242)/(-60)). What is the highest common divisor of 16 and v?
16
Let y be (-272655)/(-332) + (1 - 2/8). Suppose 10*n - y = -52. What is the highest common divisor of n and 7?
7
Let g(c) = c**2 + 8*c - 191. Let n be g(-19). Let r = n + 47. Calculate the highest common factor of 325 and r.
65
Let z = 1482 + -1118. Calculate the greatest common divisor of z and 140.
28
Suppose 30*k + 32*k = 21*k + 3936. Suppose -5*s = 5*c - 325, -5*c + 4*s - 23 + 339 = 0. Calculate the highest common factor of k and c.
32
Suppose -1059 = -4*r + 3*z, 3*r - 987 = -5*z - 229. What is the greatest common factor of 477 and r?
9
Suppose 3*g - 2*p + 483 = 0, 27 = -3*g + 4*p - 456. Let k = g + 192. Calculate the highest common divisor of k and 155.
31
Let j = 26 - -15. Let r = -9 + j. Let v be r/40*(-10)/(-4). Calculate the greatest common divisor of 8 and v.
2
Let i(w) = -51*w - 15. Let m = -54 - -29. Let u be i(m). Suppose 14*s + u = 19*s. Calculate the highest common factor of s and 36.
36
Suppose -52*w + 327140 = 63*w - 104*w. Calculate the highest common factor of w and 20.
20
Let f(t) = 729*t + 6581. Let u be f(-9). What is the greatest common factor of u and 796?
4
Suppose 19*p = -0 + 1824. What is the greatest common factor of 348 and p?
12
Suppose -72 = 6*a - 0*a. Let q(j) = -4*j - 10 + 26 - 2*j. Let o be q(a). Calculate the highest common divisor of o and 8.
8
Let f be 7/(3/(-18) + 0). Let g = f - -63. Suppose 3*t = -5*a + 1152, 3*t = -4*a + 640 + 281. What is the greatest common factor of a and g?
21
Suppose 5*x - 2*j = 966, -2*x = 17*j - 16*j - 381. Calculate the highest common factor of x and 336.
48
Let w = 6092 - 6028. What is the greatest common factor of 1456 and w?
16
Let w(v) = v**3 + 13*v**2 - 36*v - 243. Let y be w(-14). What is the greatest common factor of 5 and y?
5
Let o = -4795 - -2569. Let u be o/265*10/(-4). What is the greatest common factor of u and 105?
21
Let t(w) = -w**3 - 10*w**2 - 7*w - 14. Let b be t(-10). What is the greatest common divisor of b and 88?
8
Suppose 39*b + 199 = 276 + 625. Let l(s) = 2*s - 14. Let z be l(6). Let w be (1 - z*13)/1. What is the greatest common factor of b and w?
9
Suppose 2*p = -88*b + 83*b - 4, 5*b + 40 = 0. Calculate the highest common factor of p and 3432.
6
Suppose -2*m + 3*u + 422 = 0, 3*u - 181 = -3*m + 437. Let b = 326 - m. What is the highest common factor of b and 1?
1
Let g be 162/7 - (-198)/231. Let y be ((-3)/3 - 0)*(-24 - 8). What is the greatest common divisor of g and y?
8
Suppose f + 35 = 5*o, 